a prime number?
True
Is 1473313 composite?
True
Is 44030321 prime?
False
Is 47676131 a prime number?
True
Is 36538639 a prime number?
False
Is 47527213 prime?
True
Is 12078161 a composite number?
False
Is 6502231 prime?
False
Is 55690961 prime?
False
Is 20672287 composite?
False
Is 30108511 a composite number?
True
Is 74725249 composite?
True
Is 370322 a prime number?
False
Is 192937 a composite number?
True
Is 56177219 a composite number?
True
Is 276937607 composite?
False
Is 13576751 composite?
False
Is 2627579 a prime number?
False
Is 36484103 composite?
False
Is 3576701 a prime number?
False
Is 51182587 a composite number?
True
Is 9458399 a prime number?
False
Is 58983 a prime number?
False
Is 84078119 a composite number?
True
Is 453547 a prime number?
False
Is 5111591 a prime number?
False
Is 363254881 prime?
False
Is 2108893 a composite number?
True
Is 196305467 composite?
False
Is 25395985 a prime number?
False
Is 352327 a composite number?
False
Is 6415051 composite?
False
Is 52344119 composite?
False
Is 11081527 prime?
True
Is 56193259 a prime number?
False
Is 331078634 a prime number?
False
Is 171703634 a prime number?
False
Is 11096423 composite?
True
Is 99584221 prime?
False
Is 215474702 a composite number?
True
Is 2188951 prime?
False
Is 742891 a composite number?
False
Is 1786397 a prime number?
False
Is 14022581 composite?
True
Is 101181903 prime?
False
Is 131726446 prime?
False
Is 21700657 a composite number?
True
Is 7886393 a composite number?
False
Is 161339173 composite?
False
Is 3658829 prime?
True
Is 12285151 a composite number?
True
Is 2100001 a composite number?
False
Is 7685707 prime?
True
Is 239734739 prime?
True
Is 5360581 prime?
False
Is 86768827 composite?
False
Is 7556521 a composite number?
True
Is 9943873 a composite number?
False
Is 36170203 a composite number?
True
Is 2403257 composite?
True
Is 3497987 prime?
True
Is 5212367 prime?
True
Is 848839 composite?
False
Is 37076939 a prime number?
False
Is 18757217 prime?
True
Is 710786933 a composite number?
False
Is 3009551 composite?
True
Is 241981669 a prime number?
True
Is 34021319 prime?
False
Is 91616737 composite?
False
Is 5083655 prime?
False
Is 866981 a prime number?
False
Is 2556341 composite?
True
Is 317227 a prime number?
True
Is 82710433 composite?
True
Is 95999531 composite?
True
Is 169054289 composite?
True
Is 36851065 composite?
True
Is 3046067 a prime number?
True
Is 909437 a prime number?
True
Is 5822207 a prime number?
True
Is 105639061 composite?
True
Is 1808533 prime?
False
Is 12025891 a prime number?
True
Is 6889613 prime?
True
Is 66251269 prime?
False
Is 1990663 composite?
True
Is 8068651 a composite number?
True
Is 14735209 a prime number?
False
Is 97616105 a prime number?
False
Is 137497235 a composite number?
True
Is 562729169 a prime number?
True
Is 140618317 prime?
False
Is 10223029 prime?
True
Is 3835483 a composite number?
False
Is 6050137 prime?
True
Is 84611 composite?
True
Is 31474897 a prime number?
False
Is 23298299 a prime number?
True
Is 1264411 prime?
True
Is 27600919 a prime number?
True
Is 268384271 a composite number?
False
Is 107305115 composite?
True
Is 36517051 prime?
True
Is 26083943 prime?
True
Is 13321267 a prime number?
False
Is 5433257 a composite number?
True
Is 4938386 composite?
True
Is 12057793 a composite number?
True
Is 9628527 prime?
False
Is 49782461 prime?
True
Is 187694657 a prime number?
True
Is 93223619 prime?
True
Is 1718267 a prime number?
True
Is 57634763 a prime number?
True
Is 5079623 prime?
True
Is 535273 a prime number?
True
Is 16231993 prime?
False
Is 113825158 prime?
False
Is 1148087 a composite number?
False
Is 12798113 a prime number?
True
Is 329537531 prime?
False
Is 1161515 composite?
True
Is 1494203 composite?
True
Is 80009413 composite?
True
Is 1669463 a prime number?
True
Is 49379087 a composite number?
False
Is 458009 a composite number?
False
Is 78797947 a composite number?
False
Is 40945217 prime?
True
Is 45497 prime?
True
Is 48926341 composite?
False
Is 19403483 composite?
True
Is 36402847 prime?
False
Is 212618699 a composite number?
True
Is 1647095 a composite number?
True
Is 9807503 prime?
True
Is 14135059 composite?
True
Is 4658119 a composite number?
True
Is 30880433 composite?
True
Is 673781 prime?
True
Is 10535111 composite?
False
Is 743297 composite?
False
Is 253952141 prime?
True
Is 4512229 composite?
False
Is 2286863 a prime number?
False
Is 23838909 a prime number?
False
Is 519433 a prime number?
True
Is 3258061 composite?
True
Is 3288269 prime?
True
Is 1293157 a composite number?
False
Is 8824957 a composite number?
False
Is 127590601 a prime number?
True
Is 35749 prime?
False
Is 277639883 a prime number?
True
Is 15520691 a prime number?
True
Is 15903463 prime?
True
Is 2954203 a prime number?
False
Is 38591023 a composite number?
True
Is 2509121 composite?
True
Is 616547 prime?
True
Is 108198263 composite?
True
Is 7797131 composite?
False
Is 33888623 prime?
True
Is 2470847 a prime number?
False
Is 2447437 prime?
True
Is 208375117 a composite number?
True
Is 20366767 a prime number?
True
Is 207254233 a prime number?
True
Is 1036201 composite?
True
Is 1727723 prime?
False
Is 148559329 a composite number?
True
Is 5570821 prime?
True
Is 393818671 composite?
False
Is 10940133 a composite number?
True
Is 137656471 a composite number?
False
Is 4416043 prime?
False
Is 31525535 a prime number?
False
Is 5915747 a composite number?
True
Is 16033609 a prime number?
True
Is 817586489 a prime number?
True
Is 2291213 composite?
False
Is 91402547 prime?
True
Is 15022289 a prime number?
False
Is 18763607 composite?
True
Is 1384043 a composite number?
False
Is 150303679 a composite number?
False
Is 29947367 a composite number?
False
Is 43213 composite?
True
Is 13929431 a prime number?
True
Is 14217527 prime?
True
Is 42420337 composite?
True
Is 5978887 prime?
True
Is 218158217 a composite number?
False
Is 17162147 a composite number?
False
Is 976823 a prime number?
True
Is 515169623 composite?
False
Is 1977301 a prime number?
True
Is 160788809 a composite number?
False
Is 4978717 composite?
True
Is 133379 prime?
True
Is 541091 composite?
True
Is 65135659 composite?
True
Is 62468731 composite?
True
Is 679721 a composite number?
True
Is 86387729 prime?
True
Is 1096817 composite?
False
Is 10804681 a composite number?
False
Is 43101427 composite?
False
Is 5638933 a prime number?
False
Is 3826597 composite?
False
Is 5032303 prime?
False
Is 2817817 composite?
False
Is 101903691 prime?
False
Is 34421 prime?
True
Is 111358139 prime?
False
Is 211638099 prime?
False
Is 359059 prime?
False
Is 14585149 a prime number?
True
Is 660029159 a prime number?
True
Is 7230277 a prime number?
True
Is 55888879 prime?
True
Is 18232631 a prime number?
True
Is 1650061 composite?
True
Is 5614753 prime?
False
Is 36740749 a composite number?
True
Is 91963351 a prime number?
True
Is 149886383 a prime number?
False
Is 11879249 prime?
True
Is 10016977 prime?
False
Is 203052371 a composite number?
False
Is 192782891 a prime number?
False
Is 239142071 composite?
True
Is 1278457 prime?
False
Is 272297 composite?
True
Is 6691613 composite?
False
Is 3031859 prime?
False
Is 64809587 prime?
False
Is 16796567 a prime number?
True
Is 169755089 a prime number?
False
Is 875591 a composite number?
False
Is 56702761 composite?
False
Is 15339661 a composite number?
True
Is 92677813 prime?
True
Is 197892013 a prime number?
False
Is 11327413 prime?
True
Is 2164889 prime?
False
Is 234873311 a composite number?
False
Is 1035611 a composite number?
True
Is 91703098 a composite number?
True
Is 28079773 a prime number?
True
Is 15202937 prime?
True
Is 24197231 a prime number?
False
Is 52388717 composite?
False
Is 1749697 composite?
False
Is 5425513 a composite number?
False
Is 1574991335 a prime number?
False
Is 2189293 a composite number?
True
Is 7040353 composite?
False
Is 90506461 a prime number?
True
Is 1911733 prime?
True
Is 1305271 a composite number?
True
Is 339763265 a composite number?
True
Is 2396627 a composite number?
False
Is 117008369 prime?
True
Is 1609583 a prime number?
True
Is 40520093 a composite number?
False
Is 334278643 composite?
True
Is 2465947 prime?
False
Is 637337 a prime number?
True
Is 5520371 a prime number?
True